{"id":167,"date":"2020-03-02T01:04:42","date_gmt":"2020-03-02T00:04:42","guid":{"rendered":"http:\/\/test.vesterbrospejderne.dk\/?page_id=167"},"modified":"2024-03-22T17:52:55","modified_gmt":"2024-03-22T16:52:55","slug":"feriedage","status":"publish","type":"page","link":"https:\/\/vesterbrospejderne.dk\/index.php\/feriedage\/","title":{"rendered":"Feriedage"},"content":{"rendered":"\n<div class=\"wp-block-themeisle-blocks-advanced-columns alignfull has-1-columns has-desktop-equal-layout has-tablet-equal-layout has-mobile-equal-layout has-default-gap has-vertical-unset\" id=\"wp-block-themeisle-blocks-advanced-columns-2d4b4a3f\"><div class=\"wp-block-themeisle-blocks-advanced-columns-overlay\"><\/div><div class=\"innerblocks-wrap\">\n<div class=\"wp-block-themeisle-blocks-advanced-column\" id=\"wp-block-themeisle-blocks-advanced-column-360b82c6\">\n<p>Som udgangspunkt f\u00f8lger vi skoleferierne, men den holder ikke helt hver gang.<\/p>\n<p>Sommer -og julepause varierer fra \u00e5r til \u00e5r.<\/p>\n<div class=\"wp-block-image\"><figure class=\"alignright size-large\"><img decoding=\"async\" loading=\"lazy\" width=\"294\" height=\"160\" class=\"wp-image-168\" src=\"https:\/\/vesterbrospejderne.dk\/wp-content\/uploads\/2020\/03\/Ferie.jpg\" alt=\"\"><\/figure><\/div>\n<p><strong>Ulve <\/strong><\/p><\/div><\/div><\/div>\n<div class=\"wp-block-themeisle-blocks-advanced-columns alignfull has-1-columns has-desktop-equal-layout has-tablet-equal-layout has-mobile-equal-layout has-default-gap has-vertical-unset\" id=\"wp-block-themeisle-blocks-advanced-columns-2d4b4a3f\"><div class=\"innerblocks-wrap\"><div class=\"wp-block-themeisle-blocks-advanced-column\" id=\"wp-block-themeisle-blocks-advanced-column-360b82c6\"><p>\nDer er lukket i: \nvinterferie uge 7,\nP\u00e5skeferien,\nSt. Bededag, \nKr. Himmelfart,\n1. maj,\nGrundlovsdag,\nDistortion og\nEfter\u00e5rsferie uge 42<\/p><\/div>\n<\/div><\/div>\n","protected":false},"excerpt":{"rendered":"<p>Som udgangspunkt f\u00f8lger vi skoleferierne, men den holder ikke helt hver gang. Sommer -og julepause varierer fra \u00e5r til \u00e5r. Ulve Der er lukket i: vinterferie uge 7, P\u00e5skeferien, St. Bededag, Kr. Himmelfart, 1. maj, Grundlovsdag, Distortion og Efter\u00e5rsferie uge 42<\/p>\n","protected":false},"author":2,"featured_media":0,"parent":0,"menu_order":0,"comment_status":"closed","ping_status":"closed","template":"","meta":[],"_links":{"self":[{"href":"https:\/\/vesterbrospejderne.dk\/index.php\/wp-json\/wp\/v2\/pages\/167"}],"collection":[{"href":"https:\/\/vesterbrospejderne.dk\/index.php\/wp-json\/wp\/v2\/pages"}],"about":[{"href":"https:\/\/vesterbrospejderne.dk\/index.php\/wp-json\/wp\/v2\/types\/page"}],"author":[{"embeddable":true,"href":"https:\/\/vesterbrospejderne.dk\/index.php\/wp-json\/wp\/v2\/users\/2"}],"replies":[{"embeddable":true,"href":"https:\/\/vesterbrospejderne.dk\/index.php\/wp-json\/wp\/v2\/comments?post=167"}],"version-history":[{"count":10,"href":"https:\/\/vesterbrospejderne.dk\/index.php\/wp-json\/wp\/v2\/pages\/167\/revisions"}],"predecessor-version":[{"id":287,"href":"https:\/\/vesterbrospejderne.dk\/index.php\/wp-json\/wp\/v2\/pages\/167\/revisions\/287"}],"wp:attachment":[{"href":"https:\/\/vesterbrospejderne.dk\/index.php\/wp-json\/wp\/v2\/media?parent=167"}],"curies":[{"name":"wp","href":"https:\/\/api.w.org\/{rel}","templated":true}]}}

<div class="wp-block-themeisle-blocks-advanced-columns alignfull has-1-columns has-desktop-equal-layout has-tablet-equal-layout has-mobile-equal-layout has-default-gap has-vertical-unset" id="wp-block-themeisle-blocks-advanced-columns-2d4b4a3f"><div class="wp-block-themeisle-blocks-advanced-columns-overlay"></div><div class="innerblocks-wrap">
<div class="wp-block-themeisle-blocks-advanced-column" id="wp-block-themeisle-blocks-advanced-column-360b82c6">
<p>Som udgangspunkt følger vi skoleferierne, men den holder ikke helt hver gang.</p>
<p>Sommer -og julepause varierer fra år til år.</p>
<div class="wp-block-image"><figure class="alignright size-large"><img decoding="async" loading="lazy" width="294" height="160" class="wp-image-168" src="https://vesterbrospejderne.dk/wp-content/uploads/2020/03/Ferie.jpg" alt=""></figure></div>
<p><strong>Ulve </strong></p></div></div></div>
<div class="wp-block-themeisle-blocks-advanced-columns alignfull has-1-columns has-desktop-equal-layout has-tablet-equal-layout has-mobile-equal-layout has-default-gap has-vertical-unset" id="wp-block-themeisle-blocks-advanced-columns-2d4b4a3f"><div class="innerblocks-wrap"><div class="wp-block-themeisle-blocks-advanced-column" id="wp-block-themeisle-blocks-advanced-column-360b82c6"><p>
Der er lukket i: 
vinterferie uge 7,
Påskeferien,
St. Bededag, 
Kr. Himmelfart,
1. maj,
Grundlovsdag,
Distortion og
Efterårsferie uge 42</p></div>
</div></div>

<p>Som udgangspunkt følger vi skoleferierne, men den holder ikke helt hver gang. Sommer -og julepause varierer fra år til år. Ulve Der er lukket i: vinterferie uge 7, Påskeferien, St. Bededag, Kr. Himmelfart, 1. maj, Grundlovsdag, Distortion og Efterårsferie uge 42</p>
